4285 and 2240681?
3551
What is the greatest common factor of 2265383 and 62225?
131
What is the greatest common divisor of 616 and 106193780?
308
What is the highest common divisor of 3319383 and 3504?
219
What is the highest common factor of 22 and 33520300?
22
What is the greatest common factor of 330 and 349691430?
330
What is the greatest common divisor of 158 and 382723558?
158
What is the highest common divisor of 1026 and 2046072?
114
What is the greatest common divisor of 209 and 19456665?
19
Calculate the greatest common divisor of 6 and 120264108.
6
What is the greatest common factor of 6180524 and 28?
28
What is the greatest common factor of 42 and 126483490?
14
What is the highest common factor of 10985730 and 630?
210
Calculate the highest common divisor of 43417 and 125323.
11
Calculate the highest common divisor of 146856 and 122169.
633
What is the greatest common divisor of 31589485 and 3655?
85
What is the highest common factor of 927225 and 650?
325
Calculate the highest common factor of 9504 and 300456.
216
Calculate the highest common factor of 2117475 and 1539.
27
What is the greatest common factor of 3584642 and 2980?
298
Calculate the greatest common divisor of 31276440 and 2296.
328
Calculate the highest common divisor of 1077890 and 96514.
902
Calculate the highest common divisor of 104 and 26857844.
52
What is the greatest common factor of 31577 and 6461?
91
What is the highest common factor of 91982 and 7678?
22
What is the greatest common divisor of 47675 and 26000?
25
What is the highest common divisor of 52252300 and 500?
100
Calculate the highest common divisor of 1677 and 10902099.
39
Calculate the greatest common divisor of 7 and 95012.
1
What is the highest common factor of 1890 and 681872310?
1890
Calculate the highest common divisor of 2540992 and 6592.
64
Calculate the highest common divisor of 6178991 and 7.
7
What is the highest common factor of 2870 and 1314091?
41
Calculate the highest common divisor of 108033046 and 3278.
3278
Calculate the greatest common factor of 11 and 21729191.
11
Calculate the greatest common factor of 222 and 102966.
6
What is the greatest common divisor of 213768 and 25848?
72
Calculate the greatest common divisor of 67620 and 966805.
805
Calculate the highest common divisor of 33801827 and 58093.
8299
Calculate the highest common factor of 5946 and 118069722.
5946
What is the greatest common factor of 25580 and 1383660?
20
Calculate the highest common factor of 26896228 and 293.
293
Calculate the greatest common factor of 772 and 345208.
4
Calculate the highest common divisor of 220324 and 704457.
2899
Calculate the greatest common factor of 19040 and 9021985.
595
What is the greatest common divisor of 63 and 19630224?
9
Calculate the greatest common factor of 1608608 and 2856.
136
What is the greatest common divisor of 20907946 and 1324?
662
What is the greatest common factor of 13538 and 237552?
14
What is the highest common factor of 24850 and 80680850?
3550
Calculate the highest common factor of 59860 and 570130.
730
Calculate the greatest common factor of 10889900 and 560.
140
What is the highest common divisor of 989908 and 12932?
244
What is the highest common divisor of 145908 and 5138?
14
Calculate the highest common factor of 47030127 and 141.
141
Calculate the greatest common divisor of 2716560 and 6503574.
3234
What is the highest common divisor of 608 and 134526992?
304
Calculate the greatest common divisor of 766 and 203826472.
766
Calculate the highest common divisor of 62040985 and 3310.
1655
Calculate the greatest common factor of 35816 and 524359.
11
Calculate the highest common divisor of 296115 and 122835.
285
What is the greatest common factor of 3622432 and 2788?
164
Calculate the highest common divisor of 404506 and 13284.
82
What is the highest common divisor of 935 and 23395350?
55
Calculate the greatest common divisor of 33030168 and 648.
24
Calculate the highest common factor of 7550795 and 175.
35
What is the greatest common factor of 398469 and 42738?
1257
Calculate the highest common divisor of 1971 and 30012417.
1971
What is the greatest common divisor of 17169512 and 208882?
2942
Calculate the highest common factor of 13430450 and 275.
275
What is the greatest common divisor of 4947 and 588?
3
Calculate the highest common factor of 29768610 and 3660.
1830
What is the highest common divisor of 3690325 and 350?
25
Calculate the highest common factor of 25864224 and 96.
96
Calculate the greatest common divisor of 14918389 and 277.
277
Calculate the greatest common divisor of 1141318790 and 190.
190
What is the highest common divisor of 7228323 and 74808?
9351
Calculate the highest common factor of 598 and 441161942.
598
Calculate the highest common divisor of 14575564 and 4.
4
Calculate the highest common divisor of 359157 and 51889.
19
What is the greatest common factor of 14207186 and 518?
518
What is the greatest common divisor of 8523 and 158867773?
947
What is the highest common factor of 594 and 138806811?
297
What is the highest common factor of 589159 and 47?
1
What is the highest common divisor of 5133260 and 8?
4
What is the greatest common factor of 2353 and 607979?
181
Calculate the highest common factor of 7838073 and 2196.
549
Calculate the highest common divisor of 5301 and 13509.
171
Calculate the greatest common divisor of 92151 and 1647.
27
Calculate the highest common divisor of 261400293 and 189.
63
Calculate the greatest common divisor of 52898049 and 1998.
999
What is the greatest common divisor of 119950268 and 418?
38
What is the highest common divisor of 1229181219 and 441?
441
Calculate the greatest common factor of 4382136 and 2112.
264
Calculate the greatest common divisor of 216751276 and 30156.
10052
Calculate the highest common divisor of 36 and 3018753.
9
What is the highest common factor of 177510 and 165870?
2910
Calculate the highest common divisor of 20745996 and 14959.
2137
What is the highest common factor of 43 and 142136113?
43
What is the highest common factor of 854940 and 108?
12
Calculate the greatest common divisor of 22992 and 68784.
48
Calculate the highest common divisor of 462319 and 5242523.
8723
What is the greatest common divisor of 29346927 and 71?
71
Calculate the greatest common factor of 499960 and 1420145.
2155
What is the greatest common divisor of 24 and 20222772?
12
Calculate the greatest common divisor of 5322118 and 34342.
446
Calculate the highest common divisor of 519311 and 19509.
929
Calculate the greatest common divisor of 144 and 36434106.
18
Calculate the highest common factor of 9499624 and 76.
4
What is the greatest common divisor of 21716440 and 24?
8
Calculate the greatest common divisor of 6701101 and 1573.
121
Calculate the greatest common factor of 920390 and 4340.
310
What is the greatest common divisor of 50809 and 40920?
341
What is the greatest common divisor of 33424 and 160911492?
8356
Calculate the highest common factor of 8751618 and 270513.
1161
What is the greatest common factor of 53040 and 769760?
1360
Calculate the highest common factor of 13080456 and 10008.
10008
What is the highest common divisor of 6160 and 22129492?
308
Calculate the highest common divisor of 466 and 23995039.
233
What is the highest common divisor of 3562328 and 616?
616
What is the greatest common divisor of 260 and 2040265760?
260
What is the highest common divisor of 224073 and 132792299?
8299
What is the highest common factor of 53443062 and 36?
18
What is the highest common factor of 315 and 2227245?
15
What is the greatest common factor of 468 and 41266862?
26
What is the greatest common divisor of 11096222 and 50?
2
What is the highest common factor of 1761568 and 928?
32
What is the highest common divisor of 50881152 and 1449?
483
Calculate the greatest common divisor of 4862 and 7376317.
221
Calculate the highest common factor of 329517952 and 29696.
3712
What is the highest common divisor of 16911400 and 300?
100
Calculate the greatest common factor of 368946 and 19566.
18
What is the greatest common divisor of 19 and 148597233?
19
Calculate the greatest common factor of 14012 and 12435278.
62
What is the greatest common factor of 51 and 1171910334?
51
What is the greatest